t d be (1060/25)/(2/(-10)). Let q = -190 - d. What is the highest common divisor of q and 374?
22
Suppose l - 5*v = 5*l - 236, 2*l = v + 118. Suppose l*z - 26*z - 36960 = 0. Calculate the greatest common factor of 16 and z.
16
Let b = 9 - 1. Let x(g) = 4*g + 280. Let h be x(-36). What is the highest common factor of b and h?
8
Let p(b) = 7*b - 47. Let v be p(8). Suppose v*w + 12*w = 420. Calculate the greatest common factor of w and 8.
4
Suppose 5*x - u = -5 + 1272, 257 = x + u. What is the greatest common divisor of 4 and x?
2
Let g(d) = -4*d**3 + 6*d**2 + 3*d + 106. Let k be g(-6). What is the greatest common divisor of k and 16?
16
Let v = 4377 - 4314. Calculate the highest common divisor of v and 231.
21
Let j = 1826 - 1761. Calculate the highest common divisor of j and 26.
13
Let n(z) = z**3 - 17*z**2 - 14*z - 51. Suppose -5*u = 3*d - 29, 3*d + u - 4*u - 69 = 0. Let q be n(d). What is the highest common divisor of q and 84?
21
Let o(m) = -m**3 - 5*m**2 + 16*m - 35. Let z be o(-10). Calculate the highest common divisor of z and 15.
5
Let u = -1991 + 2003. Let f be (-18 + -2)*24/(-15). What is the greatest common divisor of f and u?
4
Let z = 476 + -247. Suppose -3*t = 5*v - z, t + v = -3*v + 74. Let l = 81 - t. Calculate the greatest common factor of l and 51.
3
Let g = -1044 - -1049. Let q(s) be the first derivative of s**4/4 + 2*s**3 + 3*s**2/2 - 5*s + 4. Let b be q(-5). What is the highest common divisor of b and g?
5
Let d(r) = 3*r**2 + 8*r - 15. Let s be d(-7). Let u = -86 + s. Let t be u/(-15) + (-21)/(-9). What is the highest common factor of t and 24?
3
Let g(w) = -w**3 - 37*w**2 - 3*w - 105. Let s be g(-37). What is the highest common factor of 219 and s?
3
Suppose -915*u + 941*u = 10790. Calculate the greatest common factor of u and 20.
5
Let q(l) = -3*l**2 - 56*l - 216. Let u be q(-6). Calculate the highest common factor of 69 and u.
3
Let q = -735 - -915. Calculate the greatest common divisor of 39 and q.
3
Suppose 5*x = 4*h - 32879, 5*h + 24*x - 20*x = 41027. Calculate the highest common divisor of 322 and h.
161
Let b = 6694 - 5046. What is the highest common factor of b and 32?
16
Suppose -3*k - n = -2*k - 306, -3*k = -n - 910. Let m = -178 + k. Calculate the highest common divisor of m and 18.
18
Let o be 1518/110 + (-1)/(-5). Suppose -o*k + 10*k = -468. Let x be (-9)/((-55)/26 + 2). Calculate the highest common factor of x and k.
39
Suppose -5*v - 2*t = -7*t - 40, -t = v + 2. Let u be ((-46)/(-4))/(3/12). Let h = u - 44. What is the highest common factor of h and v?
1
Let i = 433 - 433. Suppose 153 = 17*o - i*o. Let j = -64 - -163. Calculate the greatest common divisor of o and j.
9
Suppose -5*x - 2*g + 5697 = 0, x - 11*g + 15*g - 1161 = 0. Calculate the highest common factor of 12 and x.
3
Suppose 0 = 23*a - 14803 - 699. What is the greatest common divisor of a and 2?
2
Let u(b) = 10*b**2 + 534*b - 115. Let i be u(-54). Calculate the highest common divisor of i and 3363.
19
Suppose -9*l = 854 - 1079 - 1224. What is the highest common factor of l and 1541?
23
Suppose -31 = 5*g - 81. Let a be (-2)/8 - (-3 - (-2138)/(-8)). Calculate the greatest common divisor of g and a.
10
Let w be (-69)/11 - 3/(-11). Let c(h) = -2*h**3 - 9*h**2 + 7*h - 20. Let j be c(w). Calculate the highest common divisor of 207 and j.
23
Suppose -3*k + 8*k = 2*u - 43, 0 = 4*u + 3*k - 151. What is the highest common divisor of u and 2482?
34
Let j(s) = s**3 + 2*s + 1. Let x be j(3). Let t = -13 + -47. Let d be (3/(-2))/(t/1360). What is the greatest common divisor of x and d?
34
Let t be ((-66)/30)/((-15)/2400). Suppose -2*p + 69 = -6*j + j, -p - 5*j + 27 = 0. Calculate the highest common divisor of p and t.
32
Suppose -2*s + 748 = -g - 123, 2*s = -g + 881. Suppose 1506 - 11994 = -46*x. Let i = s - x. What is the highest common divisor of i and 30?
30
Let y = -2566 + 5846. What is the highest common divisor of y and 320?
80
Let h = -74 + 82. Suppose -3*f + 280 = -h*f. Let b = 67 + f. What is the highest common divisor of b and 187?
11
Let a be 1/((-20)/2048)*-5. Let j(o) = o**3 - 40*o**2 - 826*o + 71. Let u be j(55). Calculate the highest common divisor of u and a.
16
Let o(q) = 54*q + 1. Let c be o(6). Suppose 150*j - 6*j = -26*j + 2210. What is the highest common divisor of c and j?
13
Suppose 73242 = 4019*m - 4006*m. What is the greatest common factor of 12 and m?
6
Suppose 86 = -238*k + 240*k. Let c be (123 + 6)/(6/14). What is the greatest common divisor of c and k?
43
Let o(s) = 3*s**3 + 2*s + 15. Suppose 3*r + 25 = 8*r. Let f be o(r). Calculate the greatest common divisor of f and 10.
10
Suppose 2*j - 27123 = -5*c, -2*c + 1446*j - 1443*j + 10872 = 0. What is the greatest common divisor of c and 335?
67
Suppose -21 = -5*k - 6. Suppose 6*u = k*u + 636. Let b = u - 135. Calculate the greatest common divisor of b and 7.
7
Suppose 582 = 5*w + 4*b, -213 = 9*w - 11*w + 5*b. Let h = -40 + w. What is the greatest common factor of 296 and h?
74
Let c(x) = 2*x + 1. Let n = 68 - 67. Let f be c(n). Suppose 2*p = 4*o + f*p - 76, 0 = -3*p + 12. What is the greatest common factor of 18 and o?
18
Suppose 3*y - 3*h = -0*y + 93, -3*h + 15 = 0. Suppose 2*c - y = 5*c. Let t be (1 - 40)*(16/c + 1). What is the greatest common divisor of 91 and t?
13
Let o be ((-135)/18)/(-1 + 5/8). Suppose o*v = 9*v + 209. Suppose 59 - v = 2*z. Calculate the greatest common factor of 8 and z.
4
Let n be 328/(-1)*37/(-148). Calculate the greatest common divisor of 15826 and n.
82
Suppose 32*l - 1290 - 822 = 0. What is the greatest common factor of l and 15444?
66
Let r(a) = -a**3 - 5*a**2 - 7*a - 66. Let m be r(-6). Calculate the highest common divisor of 1956 and m.
12
Let k = 3896 - 3229. Let j(b) = 3*b**2 - 4. Let v be j(3). What is the highest common divisor of v and k?
23
Let z = -466 + 730. Let h = 453 - z. Calculate the greatest common divisor of 21 and h.
21
Let i(f) = -9*f + 65. Let x be i(9). Let c be (-2 + x)/((-81)/108). Calculate the greatest common divisor of 16 and c.
8
Suppose -41*q - 24*q = -1619 - 1566. What is the highest common divisor of 287 and q?
7
Suppose -40*l + 260 = -30*l. Suppose 142 = -4*c - 318. Let n = c + 193. What is the greatest common divisor of n and l?
26
Suppose 2*j = 4*j - 10. Suppose -3*b = 5*z - 635, -4*z = -4*b + j*b - 515. Calculate the greatest common factor of 10 and z.
10
Suppose 2*c = -2*f + 96, -2*c + 14*f + 66 = 11*f. Let n(h) = h**2 - h + 18. Let u be n(0). Calculate the highest common divisor of u and c.
6
Let c be (-2)/(4/(-216) - 0). Suppose -c = -7*v + v. Let a = 362 - 335. What is the greatest common divisor of v and a?
9
Suppose -3*g - 16*g = -76. Suppose k - 340 = -g*j + 4*k, -2*j = -k - 170. Calculate the greatest common divisor of j and 187.
17
Let j = 925 + -919. What is the greatest common factor of 1146 and j?
6
Let u(s) = -2*s**3 - 37*s**2 + 17*s - 8. Let n = -59 + 40. Let w = n - 0. Let t be u(w). Calculate the greatest common divisor of t and 45.
15
Let r(s) = -s**3 - 19*s**2 - 39*s - 23. Let o = 172 + -189. Let z be r(o). Let k(w) = w**2 + 31. Let c be k(0). Calculate the highest common divisor of c and z.
31
Suppose 5*w + 413 = -2*n + 6*w, 0 = 3*n + 4*w + 592. Let y be ((-32)/48)/((-2)/n). Let t be 2 + y*2/(-4). Calculate the highest common divisor of 9 and t.
9
Suppose 78*s = 17581 + 4429 - 794. Calculate the greatest common divisor of 1275 and s.
17
Let s be 158/8 + 2/8. Let n(c) = 2*c + 82. Suppose -3*p - 15 = 0, -3*i - 5*p + 2 = -0*p. Let l be n(i). Calculate the greatest common factor of l and s.
20
Suppose -121*i = -102*i - 266. Suppose 4*c - 5*c + 767 = 0. Suppose 615 = 4*t - b, -3*b - c = -t - 4*t. What is the highest common factor of i and t?
14
Let i(n) = 16*n - 410. Let a be i(26). Calculate the greatest common factor of 64 and a.
2
Suppose -1322 + 188 = -14*y. Suppose -s - s - 156 = 0. Let q = y + s. What is the greatest common factor of q and 3?
3
Let s = 555 - 567. Let y(z) = -3*z - 12. Let j be y(s). Calculate the greatest common divisor of 324 and j.
12
Let z be -5 + 2 + 9 + (538 - -5) + 7. Calculate the greatest common factor of z and 6255.
139
Let k be 0 + 1 - ((-2)/(-1) - 5580). Calculate the greatest common factor of k and 7.
7
Suppose -3*f + 3321 = 3*j - 8583, 19856 = 5*j + f. What is the great